t h = 2964 + -2972. Let v = h + n. Calculate the highest common divisor of 174 and v.
58
Suppose 0 = g - 5*g + 56. Let p(n) = -18*n + 28. Let o be p(9). Let v = o - -136. What is the highest common factor of v and g?
2
Suppose -358*u = -4*z - 355*u + 270, -3*u = 18. What is the greatest common divisor of 1233 and z?
9
Suppose 9 = 7*v - 96. Suppose 3*j - 4*t - 119 = 49, 9 = 3*t. Calculate the greatest common factor of j and v.
15
Let w(n) = -13*n**3 - 2*n**2 - 3*n - 2. Let i be w(-1). Let r = -19 - -12. Let l be (432/(-28))/(1/r). What is the highest common factor of l and i?
12
Let z(p) = -2*p**3 + 144*p**2 + 667*p + 58. Let u be z(76). What is the highest common factor of u and 6?
6
Let i = -17231 + 17331. Suppose 3*t = -t + 20. What is the highest common divisor of t and i?
5
Let k = -66 + 45. Let n = 24 + k. Suppose -n*g + 2*g = -12. Calculate the highest common divisor of 108 and g.
12
Let j be (38 - -9)*(34 + -33). Let u be (2 - 1)/(3/423). What is the highest common divisor of u and j?
47
Let u = -178 - -208. Let h be ((-2)/4)/((-8)/304). Let w = -9 + h. What is the greatest common divisor of u and w?
10
Let l = -5593 + 6391. Calculate the greatest common factor of l and 1425.
57
Let y(p) = -3 + 2*p**2 + 3 - 3*p + 5*p**2 + 22 - p**3. Let k be y(6). What is the highest common divisor of k and 5?
5
Suppose 17*a - 5*d - 695 = 12*a, 4*a - 2*d = 548. Let m be (10/(-4))/((-5)/10). Let o = 10 + m. What is the greatest common factor of a and o?
15
Suppose -39*p + 15 = -34*p. Let y(m) = 5*m - 9. Let a be y(p). Suppose -w - 54 = -4*w. Calculate the greatest common divisor of w and a.
6
Suppose -y = -4*y + 36. Suppose 3*c + n = 4*n + 45, 0 = 4*c + 2*n - 78. Calculate the greatest common factor of y and c.
6
Suppose -369 = -21*l + 51. What is the greatest common factor of 190 and l?
10
Let j be 25/(250/(-12))*(-10)/3. What is the greatest common factor of j and 23?
1
Let c be 28/2 + 15 + -11. Let n(u) = -6*u - 366. Let v be n(-62). Calculate the greatest common divisor of c and v.
6
Suppose -5*u = -x + 20 + 9, 5*x - 58 = -4*u. What is the greatest common divisor of x and 60746?
14
Let w(f) = -4*f + 78. Let n be w(9). Let l = n - -1. Calculate the highest common divisor of 387 and l.
43
Suppose 10 = -2*z, -2*j + 7*z - 2*z + 669 = 0. Let l be (-28)/j - 71/(-23). Calculate the highest common factor of 27 and l.
3
Suppose -33*z = -2*s - 29*z + 196, 4*z + 526 = 5*s. What is the highest common divisor of s and 18?
2
Let m(f) = 23 + f**2 - 3*f + f - f. Let l(n) = n**2 - 2*n + 12. Let g(h) = 5*l(h) - 3*m(h). Let q be g(5). What is the highest common divisor of 6 and q?
6
Let u(d) = -132*d - 555. Let a be u(-5). What is the highest common factor of 7560 and a?
105
Let t = 69 + -35. Let i(c) = c**3 + 60*c**2 - 128*c + 296. Let p be i(-62). Calculate the highest common factor of p and t.
34
Let z(m) = -m + 4. Let g be z(-1). Suppose 0*x - 5*x = -5*t + g, -t + 3*x - 1 = 0. Calculate the highest common factor of 8 and t.
2
Let d be 6/14 + 285/21. Let s be (d/5)/(7/1260). Suppose -3*q = -q - s. What is the greatest common divisor of q and 28?
28
Let w = -209 - -496. Suppose 2*a - 5 = -b, 2*b + 2*a + 1084 - 1096 = 0. Calculate the greatest common divisor of w and b.
7
Suppose 73*j - 68*j = 85. Suppose j*d - 867 = -0*d. What is the highest common divisor of d and 867?
51
Suppose -8*t = 70*t + 17*t - 16245. Suppose 4 = -3*c + 4*c + j, -2*j + 35 = 5*c. Calculate the greatest common factor of c and t.
9
Suppose -4*a = 3*a - 14. Let g be 6/a - (-4 + 7) - -9. Let i(z) = 8*z - 7. Let c be i(g). What is the highest common factor of 13 and c?
13
Let m = -11234 - -11597. What is the highest common factor of m and 1947?
33
Let x = -166 - -191. Let d = 1 + 4. Suppose 0 = -d*q + 5*w + 65, 5*q - 3*w = w + 62. What is the highest common divisor of q and x?
5
Let w = 229 - 94. Let x be -3*2280/w*6/(-4). What is the greatest common factor of 247 and x?
19
Let t = 17 - -22. Let k = -37 + t. Suppose 3*f - 4*o = 236, 4*f - 3*o + k*o - 306 = 0. Calculate the greatest common factor of f and 19.
19
Let t = 13 - 7. Let j = -623 + 644. Suppose 7*v = t*v + j. What is the greatest common divisor of v and 21?
21
Let q be (-27 - 790/30)/(3/(-9) - 0). Suppose 128 = 6*i - 2*i. Calculate the greatest common factor of q and i.
32
Let d(h) = 14446*h**2 + 154*h. Let p be d(1). Calculate the greatest common divisor of p and 20.
20
Suppose 0 = -21*k + 32*k - 1507. Let r = 185 - k. Calculate the highest common divisor of r and 168.
24
Let a = -26 - -10. Let z be a/(-120) + (-1384)/30. Let m = 65 + z. Calculate the highest common divisor of 209 and m.
19
Suppose 5*z = 2 + 18. Suppose -257 - 1887 = -z*w. Calculate the greatest common divisor of w and 8.
8
Suppose 5*j + 187*r = 185*r + 227, 3*r = -j + 48. Let l = -11 - -31. What is the greatest common divisor of j and l?
5
Suppose -195*f + 210*f - 95 - 85 = 0. Calculate the greatest common factor of 151 and f.
1
Let q be (-5*1)/(740/40 - 21). What is the highest common factor of q and 4512?
2
Suppose -24*v - 2096 + 7328 = 0. Let z = 378 - v. Calculate the greatest common factor of z and 120.
40
Suppose -z + 5*p = 36, 4*z + 137 + 32 = -5*p. Let r = z + 61. Calculate the highest common factor of r and 30.
10
Suppose 3*y = -2*c + 152, 0 = 4*y + 2*c - 146 - 58. What is the highest common divisor of 88 and y?
4
Suppose -4139 = -2*l + 5*i, 3*i + 2519 = -6*l + 14990. Calculate the highest common factor of l and 31.
31
Let g(c) = -5*c**3 - 14*c**2 - 4*c + 11. Let p(r) = r**3 - 3*r**2 - 5*r + 9. Let q be p(3). Let u be g(q). Calculate the highest common divisor of 47 and u.
47
Suppose 0 = -253*b + 289*b - 38160. What is the greatest common divisor of b and 8?
4
Let s = 2857 + -2432. Calculate the highest common divisor of 325 and s.
25
Suppose 507*z + 110331 - 451035 = 0. What is the greatest common factor of z and 2400?
96
Suppose -340 = -5*m - 70. Let k be 1/(13/(-14) + 1). Suppose -270 = -k*r + 108. Calculate the greatest common factor of r and m.
27
Let d(r) = -48*r**3 - r**2 + 2*r + 3. Let l = -97 + 96. Let v be d(l). Calculate the greatest common divisor of v and 6.
6
Let b = 8883 + -8818. What is the highest common factor of b and 429?
13
Let s = -3225 - -3265. Suppose 2*q + q = 5*u - 156, -q - 152 = -5*u. Suppose f - i = -f + 18, 3*f = 3*i + u. Calculate the highest common factor of f and s.
8
Let f be ((-154)/119)/(-11) - (-3660)/102. Calculate the highest common factor of 576 and f.
36
Suppose 2*h + 3 + 7 = 2*p, 0 = -2*p + h + 6. Let o be (-24846)/(-27) - 1/((-63)/(-14)). Suppose 51*s - o = 5*s. What is the greatest common factor of s and p?
1
Let z(k) = -2*k - 1. Let p be z(-7). Let n = 6082 + -6069. What is the greatest common factor of p and n?
13
Suppose -4 = f - 22. Let h(w) = -w**3 + 19*w**2 - 15*w + 12. Let v be h(f). Let p be 12/5*(-20)/(-8). What is the greatest common divisor of p and v?
6
Let q be (2/6)/((-70408)/3912 - -18). Calculate the highest common divisor of 45803 and q.
163
Let v = 8764 - 8771. Let f(t) = -49*t - 7. Let n(d) = -25*d - 3. Let h(l) = -6*f(l) + 13*n(l). Let p be h(v). What is the greatest common factor of 44 and p?
44
Suppose 4*z + 3*q - 15837 - 91 = 0, -5*q - 19910 = -5*z. Calculate the highest common factor of z and 22.
22
Let p(c) = 439*c - 4 - 12 + 21. Let k be p(1). Calculate the highest common factor of k and 36.
12
Suppose -9*f - 3*f + 66 = -42. Let u be (-472)/(-26) + (-2)/13. Calculate the highest common factor of f and u.
9
Suppose -2*z = -3*v + 135, -176 = 5*z - 146. Calculate the highest common divisor of v and 779.
41
Suppose 2*h + 29 = -5*i + 27, 3*h = 3*i + 39. Let u = -1 + 1. Suppose u*z = -5*z + 405. Calculate the highest common factor of z and h.
9
Let q be ((-534)/(-623))/(1 - (-166)/(-168)). Suppose 11*d - q = 3*d. Calculate the highest common factor of d and 477.
9
Let m(o) = -15*o - 220. Let j be m(-15). Suppose -2*v + 68 + 2466 = 2*c, 0 = -4*v + j*c + 5041. What is the greatest common divisor of 16 and v?
16
Let t = -14828 - -14864. Let a = 555 - -129. Calculate the highest common divisor of t and a.
36
Let q be (-1 - (-8)/12)*36/(-1). Let m = -9 - -12. Let h be (-2)/m - (-1092)/18. Calculate the greatest common divisor of q and h.
12
Suppose 229 = 8*z - 641 - 82. Suppose 28 = -6*r + 8*r. Calc